?
-39895a
65f58 (base 16) to base 8
1457530
-1530424 (base 7) to base 15
-41e51
-87d90c (base 14) to base 5
-2134441302
Convert 634793 (base 10) to base 3.
1012020202212
What is 4022133 (base 5) in base 11?
44131
What is 201001201120 (base 3) in base 16?
5b9c2
Convert 25551 (base 6) to base 5.
111013
453537 (base 11) to base 5
141101142
What is -10022021122222 (base 3) in base 5?
-422214000
What is 3210243434 (base 5) in base 14?
c71c70
Convert 125394b (base 12) to base 4.
31231122023
1a193 (base 15) to base 3
11022020110
What is -65b936 (base 14) in base 5?
-1340413040
Convert -11000110011101010 (base 2) to base 13.
-37332
What is -1210121000102 (base 3) in base 10?
-956459
What is 1136a4 (base 13) in base 14?
a877b
21100000233 (base 4) to base 6
123550143
Convert 100101101011000011011 (base 2) to base 9.
2281321
200102020122 (base 3) to base 4
1120133330
Convert -11020022211 (base 3) to base 9.
-136284
384138 (base 9) to base 3
102211011022
What is -ad98a1 (base 14) in base 16?
-5a16b5
Convert 100111001100111100001 (base 2) to base 8.
4714741
Convert 54270 (base 13) to base 5.
14331042
What is 45518 (base 13) in base 12?
60b7b
What is -1322120223 (base 4) in base 2?
-1111010011000101011
What is -2645e (base 15) in base 5?
-12404424
Convert 120878 (base 10) to base 12.
59b52
Convert 84b33 (base 12) to base 16.
2a957
Convert -45374b (base 12) to base 2.
-100001101110101101011
Convert -528034 (base 9) to base 10.
-314230
Convert 4355042 (base 6) to base 8.
650702
-22011221201 (base 3) to base 14
-429b4
What is 23257 (base 14) in base 10?
85533
What is -4261465 (base 7) in base 3?
-222101012201
Convert 220050523 (base 6) to base 10.
3925779
What is -414ee (base 16) in base 13?
-949b1
What is -21231330 (base 4) in base 9?
-60536
Convert 623820 (base 12) to base 7.
16045125
What is 16821551 (base 9) in base 4?
200101001011
What is 679a1 (base 14) in base 12?
101735
c617 (base 13) to base 15
81b8
37c27b (base 13) to base 7
14252325
Convert -100112121010 (base 3) to base 14.
-4c616
Convert -7408212 (base 10) to base 13.
-16c4c76
-2bac74 (base 15) to base 12
-85a3b4
What is -6851602 (base 9) in base 13?
-9c4b35
-422b8 (base 14) to base 7
-1233421
Convert -10101110100001001101100 (base 2) to base 6.
-322323100
-40420424 (base 5) to base 15
-66a79
-23535706 (base 8) to base 7
-61600243
Convert 3030c72 (base 13) to base 5.
12212140411
What is 1b118 (base 13) in base 14?
153dc
What is -705106 (base 9) in base 6?
-12534523
Convert 1118041 (base 9) to base 6.
20531144
What is -2101233321 (base 4) in base 3?
-1010022220120
What is 67065 (base 10) in base 12?
32989
-15387668 (base 9) to base 4
-131101321010
What is -7941a (base 11) in base 4?
-130010123
-5054 (base 14) to base 7
-55134
Convert -24b71c9 (base 13) to base 4.
-223233332002
133213301 (base 4) to base 10
129521
What is -3496576 (base 10) in base 12?
-1207594
Convert 1109ba7 (base 12) to base 10.
3252079
What is -10514322 (base 6) in base 2?
-1001110011001001010
What is 23310215 (base 6) in base 5?
141141142
Convert 12010243 (base 5) to base 14.
2c185
Convert -33332133 (base 6) to base 3.
-1220012000010
What is -102201214 (base 5) in base 10?
-428309
Convert 330412 (base 10) to base 14.
885ac
-12023240 (base 5) to base 7
-641551
What is 32406116 (base 8) in base 9?
14062504
Convert 443314302 (base 6) to base 4.
132202002332
-49830 (base 13) to base 15
-2a1c3
Convert -1220221300 (base 4) to base 14.
-b2304
2154335 (base 6) to base 16
1a813
What is 100302354 (base 6) in base 7?
20323345
Convert -2312210100 (base 4) to base 16.
-b6910
Convert 31510411 (base 7) to base 8.
12150346
-141c69 (base 13) to base 8
-1674571
121212220 (base 5) to base 14
10b87b
Convert -21003310300 (base 4) to base 7.
-26121040
218c63 (base 13) to base 3
1111011211002
Convert -131327 (base 11) to base 7.
-1520421
What is -789181 (base 10) in base 12?
-320851
Convert -4116452 (base 7) to base 2.
-1111000001000111111
What is 1100000110011001101 (base 2) in base 9?
663787
-2013402 (base 5) to base 13
-11958
Convert -450955 (base 13) to base 6.
-54532144
What is -424018 (base 9) in base 13?
-8aa7c
Convert 1000210112200 (base 3) to base 4.
2011211022
10858 (base 9) to base 15
2242
What is 4bb5aa (base 13) in base 14?
356c91
e29322 (base 16) to base 10
14848802
Convert -2441353 (base 12) to base 6.
-411054143
-1110111100100111000 (base 2) to base 8
-1674470
What is -111100021120 (base 3) in base 11?
-16a368
What is -256208 (base 11) in base 10?
-403543
20120011020201 (base 3) to base 10
3486988
-424402 (base 5) to base 7
-56562
223ba01 (base 12) to base 16
63fae1
Convert -14561254 (base 7) to base 6.
-45505204
What is 54356 (base 7) in base 6?
142445
What is -2d93cd (base 14) in base 2?
-110000110110000001001
Convert -2541815 (base 10) to base 13.
-6acc43
What is -301210202 (base 4) in base 16?
-31922
11032011031 (base 4) to base 2
101001110000101001101
-31459 (base 13) to base 6
-1522154
Convert 8816 (base 9) to base 11.
4975
Convert 2525957 (base 10) to base 2.
1001101000101100000101
What is -718779 (base 13) in base 9?
-4873243
What is -3b934a (base 15) in base 7?
-33235015
Convert 2429175 (base 12) to base 9.
14185778
22244320 (base 5) to base 12
95aab
122020020201 (base 3) to base 11
211903
-11012111022002 (base 3) to base 16
-221612
What is 132200312 (base 4) in base 14?
33794
Convert 16873 (base 10) to base 8.
40751
What is -237707 (base 8) in base 9?
-134258
1230b (base 13) to base 10
33473
What is 143312044 (base 5) in base 11?
47a229
Convert 100220133 (base 4) to base 13.
25017
What is -19939 (base 11) in base 14?
-a183
Convert 2004112 (base 8) to base 3.
222202002200
40661461 (base 8) to base 13
1a26347
Convert 7c53 (base 15) to base 10.
26403
Convert b7a25 (base 12) to base 15.
4b90b
-2602 (base 8) to base 16
-582
What is 2707052 (base 8) in base 11?
477a66
Convert -101010011000100111100 (base 2) to base 3.
-2121120011021
1031122310 (base 4) to base 10
317108
Convert 331131422 (base 5) to base 10.
1427112
Convert 101403241 (base 6) to base 3.
10022022200121
-35150661 (base 7) to base 15
-40ee83
Convert 2b5155 (base 12) to base 5.
142001414
What is -6dc5d4 (base 15) in base 6?
-304354131
Convert 16886 (base 15) to base 11.
4a773
-105132053 (base 7) to base 2
-11000010101000100110100
What is 222a402 (base 12) in base 9?
13251042
What is -35766 (base 16) in base 10?
-218982
What is 217404 (base 9) in base 7?
1051162
What is -100011010100000000010100 (base 2) in base 7?
-141453165
10000100011 (base 2) to base 15
4a9
Convert -10001011100110010001 (base 2) to base 8.
-2134621
What is -6dd47 (base 14) in base 15?
-54989
Convert -77643a (base 12) to base 10.
-1897966
What is 70638 (base 12) in base 8?
435214
Convert 323424 (base 6) to base 9.
40587
2043145 (base 6) to base 3
12001002102
What is -473401 (base 9) in base 8?
-1053733
Convert -1020122200222020 (base 3) to base 9.
-36580866
Convert -7b096 (base 13) to base 5.
-24133332
Convert -112122200122222 (base 3) to base 11.
-443a597
What is 692026 (base 11) in base 12?
451025
39484 (base 16) to base 6
5010124
What is -550757 (base 11) in base 16?
-d6b09
-309b34 (base 14) to base 10
-1640370
Convert 3646811 (base 9) to base 11.
1132583
Convert -102163312 (base 7) to base 8.
-27006161
1235560 (base 7) to base 16
272d4
What is 21352220 (base 6) in base 2?
10011011011110110100
What is -73405 (base 13) in base 7?
-1522036
What is a65a83 (base 12) in base 11?
15316a9
What is -10110120120 (base 3) in base 9?
-113516
Convert 577392 (base 15) to base 13.
b32829
Convert -427053 (base 8) to base 7.
-1133410
What is 2546325 (base 8) in base 13?
1ba21c
What is 175862 (base 10) in base 2?
101010111011110110
What is 112013011 (base 4) in base 9?
147207
Convert 155916 (base 12) to base 14.
96146
What is 9d232 (base 16) in base 9?
1180808
Convert 3a800 (base 13) to base 6.
2200353
What is 101556 (base 9) in base 14?
17d46
Convert -5758748 (base 11) to base 9.
-20847283
What is 111100010000001101010 (base 2) in base 8?
7420152
What is 3054043 (base 6) in base 8?
437613
-7a94b (base 12) to base 14
-43991
Convert -a67a14 (base 11) to base 7.
-20345132
-107eda (base 15) to base 10
-786355
Convert -121103232023 (base 4) to base 7.
-110251133
What is -1a3a6a (base 12) in base 3?
-212111222101
